. Suppose o - 4*p - 30 = 0, 3*o = 5*p - 3 + i. What is the highest common factor of 11 and o?
11
Let a(l) = -l**3 + 5*l**2 + 4*l - 8. Let z be a(6). Let m be z/(-130) - (-464)/26. Calculate the greatest common factor of 6 and m.
6
Let x = 147 - 83. What is the highest common factor of 8 and x?
8
Let v be 2 + (3/2)/(2/4). Calculate the highest common divisor of v and 45.
5
Suppose r = -5*r + 288. What is the highest common divisor of r and 6?
6
Let f = 9 + -7. Suppose f*j = 12 + 2. Calculate the highest common factor of 7 and j.
7
Suppose -3*m = -2*m + 12. Let h be (8/m)/(4/(-18)). Suppose -h*b + 2*b + 11 = 0. Calculate the highest common factor of 33 and b.
11
Suppose n + 2*s - 28 = 4*s, n + 3*s - 48 = 0. Suppose 4*i = -n + 96. What is the highest common factor of 5 and i?
5
Let l be 75/(-175) + 1294/14. Calculate the highest common factor of l and 4.
4
Let a be 4/(-6) + (-14)/(-3). Let s(q) = -q + 3. Let x be s(0). Suppose -25 - 22 = -x*j + f, -4*j = -a*f - 76. Calculate the highest common divisor of 28 and j.
14
Suppose -14*v + 18*v = 120. What is the highest common factor of v and 20?
10
Let l(k) = -k - 2. Let x be l(-4). Suppose -x = v - 5. Suppose -c + 1 = -14. What is the highest common factor of v and c?
3
Let j be (44/2 - -2)/(2 - 0). Calculate the highest common divisor of 12 and j.
12
Suppose 273 = 4*w - x - 2*x, 2*w - 169 = -5*x. Let g = 7 - 5. Suppose 0*a = -g*a + 36. Calculate the greatest common divisor of w and a.
18
Let t be 0*1/(2/(-2)). Suppose 0 = 5*b - t*b + 355. Let d be -1 + (1 - 1 - b). Calculate the highest common factor of d and 10.
10
Let s = 5 - 0. Suppose l + 14 = -5*g, -2*g + 4*g = s*l - 11. Suppose 3*i = -3*z - 0*i, -3*z = 4*i + 3. Calculate the greatest common factor of z and l.
1
Let l = 9 - -7. What is the highest common factor of l and 2?
2
Let m be (-30)/12*-2*1. Suppose 9*l = m*l + 32. Calculate the greatest common factor of 64 and l.
8
Let z(c) = 2*c**2 + 3*c. Let p be z(-2). Suppose 0 = -g + p*g - 253. Calculate the highest common divisor of 23 and g.
23
Let d = -9 - -13. Let p = d + -2. What is the greatest common divisor of 4 and p?
2
Let j(b) = 166*b**2 + b - 1. Let z be j(-1). Suppose 5*h + 7 = 2, 4*h + z = 5*n. Calculate the greatest common factor of 4 and n.
4
Let l(c) = -c**2 - 8*c - 7. Let g be l(-6). Suppose -149 - 51 = -5*p. What is the highest common divisor of p and g?
5
Suppose -133 = 2*f - 9*f. Let s = 628 - 438. Calculate the highest common divisor of f and s.
19
Let r = -1 + 5. Suppose 16 = 2*m - 3*w - w, r = -4*m - 4*w. Suppose -m*d = -123 - 147. Calculate the greatest common divisor of 15 and d.
15
Let j(x) = x**3 - 7*x**2 + 6*x + 5. Let a be j(6). Suppose -i = -9 - a. What is the greatest common divisor of i and 14?
14
Suppose -l + 13 = 5*h, 0 = -2*l - 3*h - 3 + 15. What is the highest common divisor of 12 and l?
3
Let a = -2 - -2. Suppose 3*s + s - 1588 = a. Let m be s/4 - (-6)/8. What is the greatest common factor of 20 and m?
20
Suppose 2*s + 2*k = 156, 3*s + 82 = 4*s + 5*k. Calculate the greatest common factor of s and 11.
11
Suppose 5*q + 54 + 981 = 0. Let w be q/(-3) + 0 + -1. Let c(v) = -7*v - 18. Let m be c(-5). Calculate the highest common divisor of w and m.
17
Let y(f) be the first derivative of f**3/3 - 2*f**2 + 4*f - 2. Let g be y(6). Let t = -99 + 195. Calculate the greatest common factor of g and t.
16
Suppose 0 = -5*q + 6 - 11. Let w be (-21)/(q*(3 + -2)). What is the greatest common divisor of 105 and w?
21
Suppose -3*o - 1 - 5 = -k, -5*k + 3*o + 6 = 0. Let x = k + 5. Suppose 3*l + 2*w - 2 = -l, 2*w = 3*l - x. What is the greatest common factor of l and 5?
1
Let d = 10 + -19. Let n = d + 54. What is the highest common divisor of n and 18?
9
Suppose 5*z - 111 = -21. Let c be 16 - (3 - 1 - 4). Calculate the highest common factor of z and c.
18
Let f be ((-12)/15)/(2/(-50)). Suppose 135 = 3*p - 3*s, 5*p + 5*s - 219 = -44. Calculate the highest common divisor of f and p.
20
Let y(v) = v + 55. Let d be y(0). Calculate the highest common divisor of d and 5.
5
Let y be (13 - -1)/(-1)*-1. Let r be 11 + -2*3/2. Suppose 3*p + 70 = r*p. What is the highest common divisor of p and y?
14
Suppose -3*l = -5*v - l + 115, 4*v - 3*l = 99. Suppose -4*b = -2*n + 48, 2*n - 3*n - b + v = 0. Calculate the greatest common factor of n and 55.
11
Let r(j) = 3*j - 13. Let h be r(7). Suppose 5*i - 60 = -5*f, f - 3*f = -h. What is the greatest common factor of 4 and i?
4
Let g(j) = 18*j**2 + 5*j + 1. Let f be g(-2). What is the highest common divisor of f and 42?
21
Suppose 0 = -2*z - 1 - 7. Let c be ((-4)/z - 2) + 17. Calculate the highest common factor of 2 and c.
2
Let c = -8 - -9. Let w be 2 + (c - 0/4). Let l be 14*1 - 4/2. What is the highest common divisor of w and l?
3
Let h(f) = f**2 + 12*f + 11. Let k be h(-10). Let u = 3 - k. What is the greatest common factor of u and 18?
6
Let w be 78 - 2*(-1 - 2). What is the greatest common factor of w and 24?
12
Let j(l) = -2*l + 3. Let d be j(6). Suppose 6*y + 4520 = 4*y. Let a be (-2)/d - y/36. Calculate the highest common factor of 9 and a.
9
Let r(q) = -q**2 - 17*q - 2. Let i be r(-13). What is the highest common divisor of 10 and i?
10
Let n = 4 + -1. Let d = -8 + 12. Suppose -16 = -n*x - x + d*u, 0 = 2*x - u - 11. What is the highest common factor of 56 and x?
7
Let w(l) be the second derivative of 3*l**4/2 - l**3/6 - 3*l**2/2 + 2*l. Let v be w(-3). Suppose v = y + y. Calculate the greatest common divisor of y and 9.
9
Suppose -5*z - 24 = -z. Let w be 3*z/(-9) + 0. What is the greatest common divisor of 6 and w?
2
Let q be 3 - 4/16*4. What is the highest common factor of 22 and q?
2
Suppose -j + 1 = 0, -3*n = -4*n + 5*j - 2. What is the greatest common factor of 15 and n?
3
Let c(v) = -37*v + 22. Let i be c(-2). Suppose 3*s - 33 - 3 = 0. Calculate the highest common divisor of s and i.
12
Suppose -4*m + 3*m = -2*h + 273, 3*m = 2*h - 267. Let g be h/9 - (-4)/6. What is the highest common divisor of g and 128?
16
Let s be ((-15)/4)/((-30)/80). What is the greatest common divisor of s and 10?
10
Let w be (1/(-3))/(3/(-315)). Suppose -2*n + w + 11 = 4*u, 0 = 2*n - 6. Calculate the greatest common divisor of u and 10.
10
Let s = 17 + 17. Suppose -35 + 103 = 4*g. Calculate the greatest common divisor of g and s.
17
Let j be 2 - 68/(-11) - (-6)/(-33). Let l be (-3 - -18)*4/3. Calculate the highest common divisor of l and j.
4
Let k(u) = -u - 6. Let t be k(-10). Suppose 3*f + 3 - 4 = -h, 3*f = t*h + 11. Let r = f + 11. Calculate the greatest common divisor of r and 108.
12
Suppose 4*k = -3*g + 172, -5*k + 172 = -k - 5*g. Suppose 0 = 3*m - k + 1. What is the greatest common divisor of 2 and m?
2
Suppose 3*l - 2*u = 69, -2*u - 88 = -4*l + 2. Suppose 150*n = 144*n + 18. Calculate the highest common factor of n and l.
3
Suppose 0 = 2*d + 5*r + 14, 3 + 4 = d - r. Suppose -x = 3*b + x - 40, d*x + 15 = 3*b. Let q = -7 - -12. Calculate the highest common divisor of q and b.
5
Let n(x) = x + 38. Let i be n(-6). Calculate the greatest common divisor of 352 and i.
32
Let f be (-2)/3 - (-94)/6. Suppose 0 = 4*l + 193 - 613. What is the greatest common factor of l and f?
15
Suppose 5*d - 3*d = 42. What is the highest common divisor of d and 105?
21
Let c be ((-15)/2)/(-3)*2. Let f = 11 - c. Calculate the highest common divisor of 42 and f.
6
Suppose 4*b = 3*b + 2. Calculate the greatest common factor of b and 6.
2
Suppose -5*c - 4*h + 203 = -222, 3*h = 0. Suppose -176 = -z - 4*w + 2*w, -5*w = 5*z - 880. Let u = z - c. Calculate the highest common factor of 13 and u.
13
Let q = -1 + 17. What is the greatest common factor of 128 and q?
16
Let a = 2 - 1. Let u = 11 + -6. Let w be u/(-2)*(-8)/20. What is the highest common divisor of w and a?
1
Let s(m) = 2*m**2 - 26*m + 12. Let q be s(13). What is the highest common factor of q and 3?
3
Suppose -3*f + a = -33, 3*f - 27 - 6 = -3*a. Suppose -f*t = -10*t - 21. Calculate the highest common divisor of 84 and t.
21
Suppose 5 = 5*z - 10*z. Let b(y) = -13*y**3 + 2*y**2 - 1. Let t be b(z). What is the highest common factor of t and 140?
14
Let i be (-5 - -2 - -2)*-33. Let x be 0/2 + 0 + 1. Let b(v) = 11*v. Let l be b(x). What is the highest common factor of i and l?
11
Suppose 4*i - 125 = -5*t, -4*t + t = -3*i - 48. Calcul